{"id":21,"date":"2017-04-05T10:20:36","date_gmt":"2017-04-05T08:20:36","guid":{"rendered":"http:\/\/localhost\/wordpress\/?page_id=21"},"modified":"2017-09-20T13:30:21","modified_gmt":"2017-09-20T11:30:21","slug":"erp-systeme","status":"publish","type":"page","link":"https:\/\/www.uniqconsult.de\/cms\/erp-systeme\/","title":{"rendered":"ERP-Systeme"},"content":{"rendered":"<div id=\"pl-21\"  class=\"panel-layout\" ><div id=\"pg-21-0\"  class=\"panel-grid panel-has-style\" ><div class=\"panel-row-style panel-row-style-for-21-0\" ><div id=\"pgc-21-0-0\"  class=\"panel-grid-cell\" ><div id=\"panel-21-0-0-0\" class=\"so-panel widget widget_sow-image panel-first-child panel-last-child\" data-index=\"0\" ><div\n\t\t\t\n\t\t\tclass=\"so-widget-sow-image so-widget-sow-image-default-8b5b6f678277-21\"\n\t\t\t\n\t\t>\n<div class=\"sow-image-container\">\n\t\t<img src=\"https:\/\/www.uniqconsult.de\/cms\/wp-content\/uploads\/2017\/09\/Microsoft-Dynamics-NAV-logo-BG-transparent.png\" width=\"448\" height=\"271\" srcset=\"https:\/\/www.uniqconsult.de\/cms\/wp-content\/uploads\/2017\/09\/Microsoft-Dynamics-NAV-logo-BG-transparent.png 448w, https:\/\/www.uniqconsult.de\/cms\/wp-content\/uploads\/2017\/09\/Microsoft-Dynamics-NAV-logo-BG-transparent-300x181.png 300w\" sizes=\"(max-width: 448px) 100vw, 448px\" alt=\"\" loading=\"lazy\" \t\tclass=\"so-widget-image\"\/>\n\t<\/div>\n\n<\/div><\/div><\/div><div id=\"pgc-21-0-1\"  class=\"panel-grid-cell\" ><div id=\"panel-21-0-1-0\" class=\"so-panel widget widget_sow-editor panel-first-child panel-last-child\" data-index=\"1\" ><div\n\t\t\t\n\t\t\tclass=\"so-widget-sow-editor so-widget-sow-editor-base\"\n\t\t\t\n\t\t>\n<div class=\"siteorigin-widget-tinymce textwidget\">\n\t<h5>Microsoft Dynamics NAV<\/h5>\n<p>Microsoft Dynamics NAV ist die umfassende Enterprise Resource Planning (ERP)-L\u00f6sung von Microsoft f\u00fcr kleine und mittelst\u00e4ndische Unternehmen. Sie gibt Ihnen umfassende Kontrolle \u00fcber alle Aspekte Ihrer Gesch\u00e4ftst\u00e4tigkeit \u2013 vom Finanzmanagement \u00fcber Einkauf, Verkauf, Lager und Logistik bis hin zu Fertigung und Servicemanagement. Microsoft Dynamics NAV ist aus dem deutschen Mittelstand nicht wegzudenken \u2013 aus gutem Grund.<\/p>\n<\/div>\n<\/div><\/div><\/div><div id=\"pgc-21-0-2\"  class=\"panel-grid-cell\" ><div id=\"panel-21-0-2-0\" class=\"so-panel widget widget_sow-button panel-first-child panel-last-child\" data-index=\"2\" ><div\n\t\t\t\n\t\t\tclass=\"so-widget-sow-button so-widget-sow-button-atom-a71e4a103d16-21\"\n\t\t\t\n\t\t><div class=\"ow-button-base ow-button-align-left\">\n\t\t\t<a\n\t\t\t\t\thref=\"https:\/\/www.uniqconsult.de\/cms\/microsoft-dynamics-nav\/\"\n\t\t\t\t\tclass=\"sowb-button ow-icon-placement-left ow-button-hover\" \t>\n\t\t<span>\n\t\t\t<span class=\"sow-icon-fontawesome sow-fas\" data-sow-icon=\"&#xf061;\"\n\t\tstyle=\"color: #ffffff\" \n\t\taria-hidden=\"true\"><\/span>\n\t\t\tMehr erfahren\t\t<\/span>\n\t\t\t<\/a>\n\t<\/div>\n<\/div><\/div><\/div><\/div><\/div><div id=\"pg-21-1\"  class=\"panel-grid panel-has-style\" ><div class=\"panel-row-style panel-row-style-for-21-1\" ><div id=\"pgc-21-1-0\"  class=\"panel-grid-cell\" ><div id=\"panel-21-1-0-0\" class=\"so-panel widget widget_sow-image panel-first-child panel-last-child\" data-index=\"3\" ><div\n\t\t\t\n\t\t\tclass=\"so-widget-sow-image so-widget-sow-image-default-8b5b6f678277-21\"\n\t\t\t\n\t\t>\n<div class=\"sow-image-container\">\n\t\t<img src=\"https:\/\/www.uniqconsult.de\/cms\/wp-content\/uploads\/2017\/05\/2000px-SAP-Logo.svg_small-min.png\" width=\"333\" height=\"165\" srcset=\"https:\/\/www.uniqconsult.de\/cms\/wp-content\/uploads\/2017\/05\/2000px-SAP-Logo.svg_small-min.png 333w, https:\/\/www.uniqconsult.de\/cms\/wp-content\/uploads\/2017\/05\/2000px-SAP-Logo.svg_small-min-300x149.png 300w\" sizes=\"(max-width: 333px) 100vw, 333px\" alt=\"\" loading=\"lazy\" \t\tclass=\"so-widget-image\"\/>\n\t<\/div>\n\n<\/div><\/div><\/div><div id=\"pgc-21-1-1\"  class=\"panel-grid-cell\" ><div id=\"panel-21-1-1-0\" class=\"so-panel widget widget_sow-editor panel-first-child panel-last-child\" data-index=\"4\" ><div\n\t\t\t\n\t\t\tclass=\"so-widget-sow-editor so-widget-sow-editor-base\"\n\t\t\t\n\t\t>\n<div class=\"siteorigin-widget-tinymce textwidget\">\n\t<h5>SAP<\/h5>\n<p>SAP ist die weltweit f\u00fchrende ERP-L\u00f6sung: Wir beraten Sie umfassend bei Ihrem SAP-Projektvorhaben und bieten innovative und intelligente SAP-L\u00f6sungen \u2013 immer mit Blick auf den Nutzen der User und die Wertsch\u00f6pfung Ihres Unternehmens.<\/p>\n<\/div>\n<\/div><\/div><\/div><div id=\"pgc-21-1-2\"  class=\"panel-grid-cell\" ><div id=\"panel-21-1-2-0\" class=\"so-panel widget widget_sow-button panel-first-child panel-last-child\" data-index=\"5\" ><div\n\t\t\t\n\t\t\tclass=\"so-widget-sow-button so-widget-sow-button-atom-a71e4a103d16-21\"\n\t\t\t\n\t\t><div class=\"ow-button-base ow-button-align-left\">\n\t\t\t<a\n\t\t\t\t\thref=\"https:\/\/www.uniqconsult.de\/cms\/sap-erp\/\"\n\t\t\t\t\tclass=\"sowb-button ow-icon-placement-left ow-button-hover\" \t>\n\t\t<span>\n\t\t\t<span class=\"sow-icon-fontawesome sow-fas\" data-sow-icon=\"&#xf061;\"\n\t\tstyle=\"color: #ffffff\" \n\t\taria-hidden=\"true\"><\/span>\n\t\t\tMehr erfahren\t\t<\/span>\n\t\t\t<\/a>\n\t<\/div>\n<\/div><\/div><\/div><\/div><\/div><div id=\"pg-21-2\"  class=\"panel-grid panel-no-style\" ><div id=\"pgc-21-2-0\"  class=\"panel-grid-cell\" ><div id=\"panel-21-2-0-0\" class=\"so-panel widget widget_sow-image panel-first-child panel-last-child\" data-index=\"6\" ><div\n\t\t\t\n\t\t\tclass=\"so-widget-sow-image so-widget-sow-image-default-8b5b6f678277-21\"\n\t\t\t\n\t\t>\n<div class=\"sow-image-container\">\n\t\t<img src=\"https:\/\/www.uniqconsult.de\/cms\/wp-content\/uploads\/2017\/09\/Microsoft-dotNET-logo.png\" width=\"600\" height=\"181\" srcset=\"https:\/\/www.uniqconsult.de\/cms\/wp-content\/uploads\/2017\/09\/Microsoft-dotNET-logo.png 600w, https:\/\/www.uniqconsult.de\/cms\/wp-content\/uploads\/2017\/09\/Microsoft-dotNET-logo-300x91.png 300w\" sizes=\"(max-width: 600px) 100vw, 600px\" alt=\"\" loading=\"lazy\" \t\tclass=\"so-widget-image\"\/>\n\t<\/div>\n\n<\/div><\/div><\/div><div id=\"pgc-21-2-1\"  class=\"panel-grid-cell\" ><div id=\"panel-21-2-1-0\" class=\"so-panel widget widget_sow-editor panel-first-child panel-last-child\" data-index=\"7\" ><div\n\t\t\t\n\t\t\tclass=\"so-widget-sow-editor so-widget-sow-editor-base\"\n\t\t\t\n\t\t>\n<div class=\"siteorigin-widget-tinymce textwidget\">\n\t<h5>Microsoft .NET<\/h5>\n<p>Professionelle Software-Entwicklung mit Microsoft .NET. Sie suchen eine ma\u00dfgeschneiderte Softwarel\u00f6sung, die auf Ihre individuellen Anforderungen zugeschnitten ist? Wir erstellen f\u00fcr Sie Individualsoftware, die Ihnen den entscheidenden Vorteil verschafft. Wir w\u00e4hlen f\u00fcr Sie die f\u00fcr das Projekt am besten geeignete Technologie aus, um eine nachhaltigen L\u00f6sung zu entwickeln.<\/p>\n<\/div>\n<\/div><\/div><\/div><div id=\"pgc-21-2-2\"  class=\"panel-grid-cell\" ><div id=\"panel-21-2-2-0\" class=\"so-panel widget widget_sow-button panel-first-child panel-last-child\" data-index=\"8\" ><div\n\t\t\t\n\t\t\tclass=\"so-widget-sow-button so-widget-sow-button-atom-a71e4a103d16-21\"\n\t\t\t\n\t\t><div class=\"ow-button-base ow-button-align-left\">\n\t\t\t<a\n\t\t\t\t\thref=\"https:\/\/www.uniqconsult.de\/cms\/microsoft-net\/\"\n\t\t\t\t\tclass=\"sowb-button ow-icon-placement-left ow-button-hover\" \t>\n\t\t<span>\n\t\t\t<span class=\"sow-icon-fontawesome sow-fas\" data-sow-icon=\"&#xf061;\"\n\t\tstyle=\"color: #ffffff\" \n\t\taria-hidden=\"true\"><\/span>\n\t\t\tMehr erfahren\t\t<\/span>\n\t\t\t<\/a>\n\t<\/div>\n<\/div><\/div><\/div><\/div><\/div>","protected":false},"excerpt":{"rendered":"<p>Microsoft Dynamics NAV Microsoft Dynamics NAV ist die umfassende Enterprise Resource Planning (ERP)-L\u00f6sung von Microsoft f\u00fcr kleine und mittelst\u00e4ndische Unternehmen. Sie gibt Ihnen umfassende Kontrolle \u00fcber alle Aspekte Ihrer Gesch\u00e4ftst\u00e4tigkeit \u2013 vom Finanzmanagement \u00fcber Einkauf, Verkauf, Lager und Logistik bis hin zu Fertigung und Servicemanagement. Microsoft Dynamics NAV ist aus dem deutschen Mittelstand nicht wegzudenken [&hellip;]<\/p>\n","protected":false},"author":1,"featured_media":936,"parent":0,"menu_order":0,"comment_status":"closed","ping_status":"closed","template":"template-full-width.php","meta":[],"_links":{"self":[{"href":"https:\/\/www.uniqconsult.de\/cms\/wp-json\/wp\/v2\/pages\/21"}],"collection":[{"href":"https:\/\/www.uniqconsult.de\/cms\/wp-json\/wp\/v2\/pages"}],"about":[{"href":"https:\/\/www.uniqconsult.de\/cms\/wp-json\/wp\/v2\/types\/page"}],"author":[{"embeddable":true,"href":"https:\/\/www.uniqconsult.de\/cms\/wp-json\/wp\/v2\/users\/1"}],"replies":[{"embeddable":true,"href":"https:\/\/www.uniqconsult.de\/cms\/wp-json\/wp\/v2\/comments?post=21"}],"version-history":[{"count":32,"href":"https:\/\/www.uniqconsult.de\/cms\/wp-json\/wp\/v2\/pages\/21\/revisions"}],"predecessor-version":[{"id":937,"href":"https:\/\/www.uniqconsult.de\/cms\/wp-json\/wp\/v2\/pages\/21\/revisions\/937"}],"wp:featuredmedia":[{"embeddable":true,"href":"https:\/\/www.uniqconsult.de\/cms\/wp-json\/wp\/v2\/media\/936"}],"wp:attachment":[{"href":"https:\/\/www.uniqconsult.de\/cms\/wp-json\/wp\/v2\/media?parent=21"}],"curies":[{"name":"wp","href":"https:\/\/api.w.org\/{rel}","templated":true}]}}