{"id":1246,"date":"2018-03-23T07:40:36","date_gmt":"2018-03-23T06:40:36","guid":{"rendered":"http:\/\/www.uniqconsult.de\/cms\/?page_id=1246"},"modified":"2018-04-25T14:07:15","modified_gmt":"2018-04-25T12:07:15","slug":"jobs","status":"publish","type":"page","link":"https:\/\/www.uniqconsult.de\/cms\/jobs\/","title":{"rendered":"Jobs"},"content":{"rendered":"<div id=\"pl-1246\"  class=\"panel-layout\" ><div id=\"pg-1246-0\"  class=\"panel-grid panel-no-style\" ><div id=\"pgc-1246-0-0\"  class=\"panel-grid-cell\" ><div id=\"panel-1246-0-0-0\" class=\"so-panel widget widget_sow-editor panel-first-child panel-last-child\" data-index=\"0\" ><div\n\t\t\t\n\t\t\tclass=\"so-widget-sow-editor so-widget-sow-editor-base\"\n\t\t\t\n\t\t>\n<div class=\"siteorigin-widget-tinymce textwidget\">\n\t<h4>Stellenangebote der\u00a0uniQConsult GmbH<\/h4>\n<\/div>\n<\/div><\/div><\/div><\/div><div id=\"pg-1246-1\"  class=\"panel-grid panel-has-style\" ><div class=\"siteorigin-panels-stretch panel-row-style panel-row-style-for-1246-1\" data-stretch-type=\"full\" ><div id=\"pgc-1246-1-0\"  class=\"panel-grid-cell\" ><div id=\"panel-1246-1-0-0\" class=\"so-panel widget widget_sow-editor panel-first-child panel-last-child\" data-index=\"1\" ><div class=\"panel-widget-style panel-widget-style-for-1246-1-0-0\" ><div\n\t\t\t\n\t\t\tclass=\"so-widget-sow-editor so-widget-sow-editor-base\"\n\t\t\t\n\t\t>\n<div class=\"siteorigin-widget-tinymce textwidget\">\n\t<h2>Consultant Dynamics NAV \/ Entwickler<\/h2>\n<h4>w\/m<\/h4>\n<\/div>\n<\/div><\/div><\/div><\/div><div id=\"pgc-1246-1-1\"  class=\"panel-grid-cell\" ><div id=\"panel-1246-1-1-0\" class=\"so-panel widget widget_sow-editor panel-first-child\" data-index=\"2\" ><div\n\t\t\t\n\t\t\tclass=\"so-widget-sow-editor so-widget-sow-editor-base\"\n\t\t\t\n\t\t>\n<div class=\"siteorigin-widget-tinymce textwidget\">\n\t<p><strong>Einsatzort:<br \/><\/strong>Chemnitz, Hohenstein-Ernstthal bzw. Standort des Kunden<\/p>\n<p><strong>Kennziffer:<br \/><\/strong>V0018NAV0031<\/p>\n<\/div>\n<\/div><\/div><div id=\"panel-1246-1-1-1\" class=\"so-panel widget widget_sow-editor panel-last-child\" data-index=\"3\" ><div\n\t\t\t\n\t\t\tclass=\"so-widget-sow-editor so-widget-sow-editor-base\"\n\t\t\t\n\t\t>\n<div class=\"siteorigin-widget-tinymce textwidget\">\n\t<p><strong>Das ist Ihr Job:<\/strong><\/p>\n<ul>\n<li>Beratung, Einf\u00fchrung, Entwicklung bei der Einf\u00fchrung von Dynamics NAV<\/li>\n<li>Analyse der Kundenbed\u00fcrfnisse, Erarbeitung von L\u00f6sungsvorschl\u00e4gen und deren Realisierung<\/li>\n<li>Implementierung und Schulung<\/li>\n<\/ul>\n<\/div>\n<\/div><\/div><\/div><div id=\"pgc-1246-1-2\"  class=\"panel-grid-cell\" ><div id=\"panel-1246-1-2-0\" class=\"so-panel widget widget_sow-editor panel-first-child\" data-index=\"4\" ><div\n\t\t\t\n\t\t\tclass=\"so-widget-sow-editor so-widget-sow-editor-base\"\n\t\t\t\n\t\t>\n<div class=\"siteorigin-widget-tinymce textwidget\">\n\t<p><strong>Das bringen Sie mit:<\/strong><\/p>\n<ul>\n<li>abgeschlossenes Studium oder vergleichbare Ausbildung<\/li>\n<li>sehr gute ERP-Kenntnisse sowie Projekt- und Beratungserfahrung in Dynamics NAV Projekten<\/li>\n<li>sehr gute Programmierkenntnisse in Microsoft in Dynamics NAV<\/li>\n<li>gute betriebswirtschaftliche Kenntnisse<\/li>\n<li>selbst\u00e4ndige und eigenverantwortliche Arbeitsweise<\/li>\n<li>Kundenorientierung und Kommunikationsst\u00e4rke<\/li>\n<li>ausgepr\u00e4gte Teamf\u00e4higkeit<\/li>\n<li>zielorientierte, strukturierte und selbst\u00e4ndige Arbeitsweise<\/li>\n<li>Umsetzungsst\u00e4rke und Durchhalteverm\u00f6gen<\/li>\n<li>Kenntnisse in Microsoft AX und CRM w\u00fcnschenswert<\/li>\n<li>verhandlungssichere Deutschkenntnisse<\/li>\n<li>Englisch, Tschechisch w\u00fcnschenswert<\/li>\n<\/ul>\n<\/div>\n<\/div><\/div><div id=\"panel-1246-1-2-1\" class=\"so-panel widget widget_sow-editor panel-last-child\" data-index=\"5\" ><div\n\t\t\t\n\t\t\tclass=\"so-widget-sow-editor so-widget-sow-editor-base\"\n\t\t\t\n\t\t>\n<div class=\"siteorigin-widget-tinymce textwidget\">\n\t<p><strong>Das bieten wir Ihnen:<\/strong><\/p>\n<ul>\n<li>Einen sicheren Arbeitsplatz in einem motivierten, konstruktiven und dynamischen Team mit einem flexiblen und familienfreundlichen Arbeitszeitmodell, kombiniert mit flachen Hierarchien und modernen Arbeitspl\u00e4tzen.<\/li>\n<li>Langfristige Perspektiven f\u00fcr Ihre berufliche Laufbahn in einem internationalem, zukunftsorientierten Unternehmen<\/li>\n<li>Eine professionelle Personalentwicklung durch attraktive und zeitgem\u00e4\u00dfe Weiterbildungsangebote<\/li>\n<\/ul>\n<\/div>\n<\/div><\/div><\/div><\/div><\/div><div id=\"pg-1246-2\"  class=\"panel-grid panel-has-style\" ><div class=\"siteorigin-panels-stretch panel-row-style panel-row-style-for-1246-2\" data-stretch-type=\"full\" ><div id=\"pgc-1246-2-0\"  class=\"panel-grid-cell\" ><div id=\"panel-1246-2-0-0\" class=\"so-panel widget widget_sow-editor panel-first-child panel-last-child\" data-index=\"6\" ><div\n\t\t\t\n\t\t\tclass=\"so-widget-sow-editor so-widget-sow-editor-base\"\n\t\t\t\n\t\t>\n<div class=\"siteorigin-widget-tinymce textwidget\">\n\t<h5>Wir bieten Ihnen einen sicheren Arbeitsplatz in einem jungen und innovativen Team bei leistungsgerechter Bezahlung und sehr guten Karrierechancen.<\/h5>\n<p><strong>Haben wir Ihr Interesse geweckt?<\/strong><br \/>Wir freuen uns auf Sie!<\/p>\n<p>Bitte senden Sie uns Ihre vollst\u00e4ndigen Bewerbungsunterlagen per E-Mail mit Angabe Ihres fr\u00fchestm\u00f6glichen Eintrittstermins und Ihrer Gehaltsvorstellung an <a href=\"&#x6d;a&#x69;&#108;t&#x6f;&#58;&#x69;&#110;f&#x6f;&#64;&#x75;&#110;i&#x71;&#99;&#x6f;&#x6e;s&#x75;&#108;t&#x2e;&#100;&#x65;\">&#x69;&#x6e;&#102;o&#x40;&#x75;&#110;iq&#x63;&#x6f;&#110;s&#x75;&#x6c;&#116;&#46;d&#x65;<\/a><\/p>\n<\/div>\n<\/div><\/div><\/div><\/div><\/div><div id=\"pg-1246-3\"  class=\"panel-grid panel-has-style\" ><div class=\"siteorigin-panels-stretch panel-row-style panel-row-style-for-1246-3\" data-stretch-type=\"full\" ><div id=\"pgc-1246-3-0\"  class=\"panel-grid-cell\" ><div id=\"panel-1246-3-0-0\" class=\"so-panel widget widget_sow-editor panel-first-child panel-last-child\" data-index=\"7\" ><div class=\"panel-widget-style panel-widget-style-for-1246-3-0-0\" ><div\n\t\t\t\n\t\t\tclass=\"so-widget-sow-editor so-widget-sow-editor-base\"\n\t\t\t\n\t\t>\n<div class=\"siteorigin-widget-tinymce textwidget\">\n\t<h2>Juniorberater f\u00fcr Berufseinsteiger<\/h2>\n<h4>w\/m<\/h4>\n<\/div>\n<\/div><\/div><\/div><\/div><div id=\"pgc-1246-3-1\"  class=\"panel-grid-cell\" ><div id=\"panel-1246-3-1-0\" class=\"so-panel widget widget_sow-editor panel-first-child\" data-index=\"8\" ><div\n\t\t\t\n\t\t\tclass=\"so-widget-sow-editor so-widget-sow-editor-base\"\n\t\t\t\n\t\t>\n<div class=\"siteorigin-widget-tinymce textwidget\">\n\t<p><strong>Einsatzort:<br \/><\/strong>Chemnitz, Hohenstein-Ernstthal bzw. Standort des Kunden<\/p>\n<p><strong>Kennziffer:<br \/><\/strong>V0018NAV0032<\/p>\n<\/div>\n<\/div><\/div><div id=\"panel-1246-3-1-1\" class=\"so-panel widget widget_sow-editor panel-last-child\" data-index=\"9\" ><div\n\t\t\t\n\t\t\tclass=\"so-widget-sow-editor so-widget-sow-editor-base\"\n\t\t\t\n\t\t>\n<div class=\"siteorigin-widget-tinymce textwidget\">\n\t<p><strong>Das ist Ihr Job:<\/strong><\/p>\n<ul>\n<li>Sie studieren die Fachrichtung \"Wirtschaftsinformatik\" oder \"Allgemeine Informatik\" und m\u00f6chten gerne nach Ihrem erfolgreichen Abschluss Ihr erworbenes Wissen m\u00f6glichst schnell in die Praxis umsetzen?<\/li>\n<li>Die uniQConsult GmbH bietet Ihnen ein ideales Umfeld f\u00fcr den Berufseinstieg in einem innovativen und flexiblen Team.<\/li>\n<li>Absolventen bieten wir vielf\u00e4ltige M\u00f6glichkeiten, ihr K\u00f6nnen unter Beweis zu stellen. Spannende Projekte und herausfordernde Aufgaben erwarten Sie!<\/li>\n<\/ul>\n<\/div>\n<\/div><\/div><\/div><div id=\"pgc-1246-3-2\"  class=\"panel-grid-cell\" ><div id=\"panel-1246-3-2-0\" class=\"so-panel widget widget_sow-editor panel-first-child\" data-index=\"10\" ><div\n\t\t\t\n\t\t\tclass=\"so-widget-sow-editor so-widget-sow-editor-base\"\n\t\t\t\n\t\t>\n<div class=\"siteorigin-widget-tinymce textwidget\">\n\t<p><strong>Das bringen Sie mit:<\/strong><\/p>\n<ul>\n<li>Kenntnisse in der Entwicklung von Microsoft Dynamics NAV w\u00fcnschenswert<\/li>\n<li>Kenntnisse in der Entwicklung von Datenbanken in Microsoft SQL Server<\/li>\n<li>Kenntnisse im Umgang mit Reportingsystemen<\/li>\n<li>Kenntnisse in Microsoft DotNet bzw. Software\u2013Entwicklung<\/li>\n<li>Sicherer Umgang mit den Office Anwendungen von Microsoft<\/li>\n<li>F\u00e4higkeit zur eigenverantwortlichen Arbeit im Team<\/li>\n<li>Sprachkenntnisse Englisch und Deutsch in Wort und Schrift<\/li>\n<\/ul>\n<\/div>\n<\/div><\/div><div id=\"panel-1246-3-2-1\" class=\"so-panel widget widget_sow-editor panel-last-child\" data-index=\"11\" ><div\n\t\t\t\n\t\t\tclass=\"so-widget-sow-editor so-widget-sow-editor-base\"\n\t\t\t\n\t\t>\n<div class=\"siteorigin-widget-tinymce textwidget\">\n\t<p><strong>Das bieten wir Ihnen:<\/strong><\/p>\n<ul>\n<li>Individuelle Einarbeitung in Ihre Aufgaben<\/li>\n<li>Mitarbeit in einem jungen Team und einer produktiven Arbeitsatmosph\u00e4re<\/li>\n<li>Leistungsbezogene Verg\u00fctung<\/li>\n<li>Eigenverantwortliche Bearbeitung von Projekten<\/li>\n<li>Kontinuierliche Weiterbildung<\/li>\n<\/ul>\n<\/div>\n<\/div><\/div><\/div><\/div><\/div><div id=\"pg-1246-4\"  class=\"panel-grid panel-has-style\" ><div class=\"siteorigin-panels-stretch panel-row-style panel-row-style-for-1246-4\" data-stretch-type=\"full\" ><div id=\"pgc-1246-4-0\"  class=\"panel-grid-cell\" ><div id=\"panel-1246-4-0-0\" class=\"so-panel widget widget_sow-editor panel-first-child panel-last-child\" data-index=\"12\" ><div\n\t\t\t\n\t\t\tclass=\"so-widget-sow-editor so-widget-sow-editor-base\"\n\t\t\t\n\t\t>\n<div class=\"siteorigin-widget-tinymce textwidget\">\n\t<h5>Wir bieten Ihnen einen sicheren Arbeitsplatz in einem jungen und innovativen Team bei leistungsgerechter Bezahlung und sehr guten Karrierechancen.<\/h5>\n<p><strong>Haben wir Ihr Interesse geweckt?<\/strong><br \/>Wir freuen uns auf Sie!<\/p>\n<p>Bitte senden Sie uns Ihre vollst\u00e4ndigen Bewerbungsunterlagen per E-Mail mit Angabe Ihres fr\u00fchestm\u00f6glichen Eintrittstermins und Ihrer Gehaltsvorstellung an <a href=\"&#x6d;a&#x69;&#108;&#x74;&#111;:&#x69;n&#x66;&#111;&#x40;&#117;n&#x69;&#113;&#x63;&#111;n&#x73;u&#x6c;&#116;&#x2e;&#100;e\">&#105;&#x6e;f&#111;&#x40;u&#110;&#x69;q&#99;&#x6f;n&#115;&#x75;&#108;&#x74;&#x2e;&#100;&#x65;<\/a><\/p>\n<\/div>\n<\/div><\/div><\/div><\/div><\/div><div id=\"pg-1246-5\"  class=\"panel-grid panel-has-style\" ><div class=\"siteorigin-panels-stretch panel-row-style panel-row-style-for-1246-5\" data-stretch-type=\"full\" ><div id=\"pgc-1246-5-0\"  class=\"panel-grid-cell\" ><div id=\"panel-1246-5-0-0\" class=\"so-panel widget widget_sow-button panel-first-child panel-last-child\" data-index=\"13\" ><div\n\t\t\t\n\t\t\tclass=\"so-widget-sow-button so-widget-sow-button-flat-907572ce0b0b-1246\"\n\t\t\t\n\t\t><div class=\"ow-button-base ow-button-align-center\">\n\t\t\t<a\n\t\t\t\t\thref=\"https:\/\/www.uniqconsult.de\/cms\/kontakt\/\"\n\t\t\t\t\tclass=\"sowb-button ow-icon-placement-left ow-button-hover\" \t>\n\t\t<span>\n\t\t\t\n\t\t\tNehmen Sie Kontakt mit uns auf \t\t<\/span>\n\t\t\t<\/a>\n\t<\/div>\n<\/div><\/div><\/div><\/div><\/div><\/div>","protected":false},"excerpt":{"rendered":"<p>Stellenangebote der\u00a0uniQConsult GmbH Consultant Dynamics NAV \/ Entwickler w\/m Einsatzort:Chemnitz, Hohenstein-Ernstthal bzw. Standort des Kunden Kennziffer:V0018NAV0031 Das ist Ihr Job: Beratung, Einf\u00fchrung, Entwicklung bei der Einf\u00fchrung von Dynamics NAV Analyse der Kundenbed\u00fcrfnisse, Erarbeitung von L\u00f6sungsvorschl\u00e4gen und deren Realisierung Implementierung und Schulung Das bringen Sie mit: abgeschlossenes Studium oder vergleichbare Ausbildung sehr gute ERP-Kenntnisse sowie Projekt- [&hellip;]<\/p>\n","protected":false},"author":1,"featured_media":0,"parent":0,"menu_order":0,"comment_status":"closed","ping_status":"closed","template":"template-full-width.php","meta":[],"_links":{"self":[{"href":"https:\/\/www.uniqconsult.de\/cms\/wp-json\/wp\/v2\/pages\/1246"}],"collection":[{"href":"https:\/\/www.uniqconsult.de\/cms\/wp-json\/wp\/v2\/pages"}],"about":[{"href":"https:\/\/www.uniqconsult.de\/cms\/wp-json\/wp\/v2\/types\/page"}],"author":[{"embeddable":true,"href":"https:\/\/www.uniqconsult.de\/cms\/wp-json\/wp\/v2\/users\/1"}],"replies":[{"embeddable":true,"href":"https:\/\/www.uniqconsult.de\/cms\/wp-json\/wp\/v2\/comments?post=1246"}],"version-history":[{"count":65,"href":"https:\/\/www.uniqconsult.de\/cms\/wp-json\/wp\/v2\/pages\/1246\/revisions"}],"predecessor-version":[{"id":1337,"href":"https:\/\/www.uniqconsult.de\/cms\/wp-json\/wp\/v2\/pages\/1246\/revisions\/1337"}],"wp:attachment":[{"href":"https:\/\/www.uniqconsult.de\/cms\/wp-json\/wp\/v2\/media?parent=1246"}],"curies":[{"name":"wp","href":"https:\/\/api.w.org\/{rel}","templated":true}]}}