{"id":1133,"date":"2017-11-29T20:05:04","date_gmt":"2017-11-29T19:05:04","guid":{"rendered":"http:\/\/www.uniqconsult.de\/cms\/?page_id=1133"},"modified":"2022-12-08T11:06:40","modified_gmt":"2022-12-08T10:06:40","slug":"partner","status":"publish","type":"page","link":"https:\/\/www.uniqconsult.de\/cms\/partner\/","title":{"rendered":"L\u00f6sungspartner"},"content":{"rendered":"<div id=\"pl-1133\"  class=\"panel-layout\" ><div id=\"pg-1133-0\"  class=\"panel-grid panel-no-style\" ><div id=\"pgc-1133-0-0\"  class=\"panel-grid-cell\" ><div id=\"panel-1133-0-0-0\" class=\"so-panel widget widget_sow-editor panel-first-child panel-last-child\" data-index=\"0\" ><div\n\t\t\t\n\t\t\tclass=\"so-widget-sow-editor so-widget-sow-editor-base\"\n\t\t\t\n\t\t>\n<div class=\"siteorigin-widget-tinymce textwidget\">\n\t<h4>Um unseren Kunden eine optimale Qualit\u00e4t bieten zu k\u00f6nnen, arbeiten wir mit ausgew\u00e4hlten L\u00f6sungs- und Technologiepartnern zusammen.<\/h4>\n<\/div>\n<\/div><\/div><\/div><\/div><div id=\"pg-1133-1\"  class=\"panel-grid panel-has-style\" ><div class=\"siteorigin-panels-stretch panel-row-style panel-row-style-for-1133-1\" data-stretch-type=\"full\" ><div id=\"pgc-1133-1-0\"  class=\"panel-grid-cell\" ><div id=\"panel-1133-1-0-0\" class=\"so-panel widget widget_sow-image panel-first-child panel-last-child\" data-index=\"1\" ><div\n\t\t\t\n\t\t\tclass=\"so-widget-sow-image so-widget-sow-image-default-c67d20f9f743-1133\"\n\t\t\t\n\t\t>\n<div class=\"sow-image-container\">\n\t\t<img src=\"https:\/\/www.uniqconsult.de\/cms\/wp-content\/uploads\/2017\/12\/microsoft-e1512975055159-300x68.png\" width=\"300\" height=\"68\" srcset=\"https:\/\/www.uniqconsult.de\/cms\/wp-content\/uploads\/2017\/12\/microsoft-e1512975055159-300x68.png 300w, https:\/\/www.uniqconsult.de\/cms\/wp-content\/uploads\/2017\/12\/microsoft-e1512975055159-768x175.png 768w, https:\/\/www.uniqconsult.de\/cms\/wp-content\/uploads\/2017\/12\/microsoft-e1512975055159-1024x233.png 1024w, https:\/\/www.uniqconsult.de\/cms\/wp-content\/uploads\/2017\/12\/microsoft-e1512975055159.png 1659w\" sizes=\"(max-width: 300px) 100vw, 300px\" title=\"microsoft\" alt=\"\" loading=\"lazy\" \t\tclass=\"so-widget-image\"\/>\n\t<\/div>\n\n<\/div><\/div><\/div><div id=\"pgc-1133-1-1\"  class=\"panel-grid-cell panel-grid-cell-empty\" ><\/div><div id=\"pgc-1133-1-2\"  class=\"panel-grid-cell\" ><div id=\"panel-1133-1-2-0\" class=\"so-panel widget widget_sow-editor panel-first-child panel-last-child\" data-index=\"2\" ><div\n\t\t\t\n\t\t\tclass=\"so-widget-sow-editor so-widget-sow-editor-base\"\n\t\t\t\n\t\t>\n<div class=\"siteorigin-widget-tinymce textwidget\">\n\t<h3>Microsoft Corporation<\/h3>\n<p><a href=\"http:\/\/www.microsoft.com\" target=\"_blank\" rel=\"noopener\">www.microsoft.com<\/a><\/p>\n<\/div>\n<\/div><\/div><\/div><\/div><\/div><div id=\"pg-1133-2\"  class=\"panel-grid panel-has-style\" ><div class=\"siteorigin-panels-stretch panel-row-style panel-row-style-for-1133-2\" data-stretch-type=\"full\" ><div id=\"pgc-1133-2-0\"  class=\"panel-grid-cell\" ><div id=\"panel-1133-2-0-0\" class=\"so-panel widget widget_sow-image panel-first-child panel-last-child\" data-index=\"3\" ><div\n\t\t\t\n\t\t\tclass=\"so-widget-sow-image so-widget-sow-image-default-c67d20f9f743-1133\"\n\t\t\t\n\t\t>\n<div class=\"sow-image-container\">\n\t\t<img src=\"https:\/\/www.uniqconsult.de\/cms\/wp-content\/uploads\/2017\/12\/gbedvlogo-300x197.jpg\" width=\"300\" height=\"197\" srcset=\"https:\/\/www.uniqconsult.de\/cms\/wp-content\/uploads\/2017\/12\/gbedvlogo-300x197.jpg 300w, https:\/\/www.uniqconsult.de\/cms\/wp-content\/uploads\/2017\/12\/gbedvlogo.jpg 740w\" sizes=\"(max-width: 300px) 100vw, 300px\" alt=\"\" loading=\"lazy\" \t\tclass=\"so-widget-image\"\/>\n\t<\/div>\n\n<\/div><\/div><\/div><div id=\"pgc-1133-2-1\"  class=\"panel-grid-cell panel-grid-cell-empty\" ><\/div><div id=\"pgc-1133-2-2\"  class=\"panel-grid-cell\" ><div id=\"panel-1133-2-2-0\" class=\"so-panel widget widget_sow-editor panel-first-child panel-last-child\" data-index=\"4\" ><div\n\t\t\t\n\t\t\tclass=\"so-widget-sow-editor so-widget-sow-editor-base\"\n\t\t\t\n\t\t>\n<div class=\"siteorigin-widget-tinymce textwidget\">\n\t<h3>gbedv GmbH &amp; Co. KG<\/h3>\n<p><a href=\"http:\/\/www.gbedv.de\" target=\"_blank\" rel=\"noopener\">www.gbedv.de<\/a><\/p>\n<\/div>\n<\/div><\/div><\/div><\/div><\/div><div id=\"pg-1133-3\"  class=\"panel-grid panel-has-style\" ><div class=\"siteorigin-panels-stretch panel-row-style panel-row-style-for-1133-3\" data-stretch-type=\"full\" ><div id=\"pgc-1133-3-0\"  class=\"panel-grid-cell\" ><div id=\"panel-1133-3-0-0\" class=\"so-panel widget widget_sow-image panel-first-child panel-last-child\" data-index=\"5\" ><div\n\t\t\t\n\t\t\tclass=\"so-widget-sow-image so-widget-sow-image-default-c67d20f9f743-1133\"\n\t\t\t\n\t\t>\n<div class=\"sow-image-container\">\n\t\t<img src=\"https:\/\/www.uniqconsult.de\/cms\/wp-content\/uploads\/2017\/12\/SieversLogo-300x300.jpg\" width=\"300\" height=\"300\" srcset=\"https:\/\/www.uniqconsult.de\/cms\/wp-content\/uploads\/2017\/12\/SieversLogo-300x300.jpg 300w, https:\/\/www.uniqconsult.de\/cms\/wp-content\/uploads\/2017\/12\/SieversLogo-150x150.jpg 150w, https:\/\/www.uniqconsult.de\/cms\/wp-content\/uploads\/2017\/12\/SieversLogo-768x768.jpg 768w, https:\/\/www.uniqconsult.de\/cms\/wp-content\/uploads\/2017\/12\/SieversLogo-1024x1024.jpg 1024w, https:\/\/www.uniqconsult.de\/cms\/wp-content\/uploads\/2017\/12\/SieversLogo.jpg 1181w\" sizes=\"(max-width: 300px) 100vw, 300px\" alt=\"\" loading=\"lazy\" \t\tclass=\"so-widget-image\"\/>\n\t<\/div>\n\n<\/div><\/div><\/div><div id=\"pgc-1133-3-1\"  class=\"panel-grid-cell panel-grid-cell-empty\" ><\/div><div id=\"pgc-1133-3-2\"  class=\"panel-grid-cell\" ><div id=\"panel-1133-3-2-0\" class=\"so-panel widget widget_sow-editor panel-first-child panel-last-child\" data-index=\"6\" ><div\n\t\t\t\n\t\t\tclass=\"so-widget-sow-editor so-widget-sow-editor-base\"\n\t\t\t\n\t\t>\n<div class=\"siteorigin-widget-tinymce textwidget\">\n\t<h3>SIEVERS-SNC <br \/>Computer &amp; Software GmbH &amp; Co. KG<\/h3>\n<p><a href=\"http:\/\/www.sievers-group.com\" target=\"_blank\" rel=\"noopener\">www.sievers-group.com<\/a><\/p>\n<\/div>\n<\/div><\/div><\/div><\/div><\/div><div id=\"pg-1133-4\"  class=\"panel-grid panel-has-style\" ><div class=\"siteorigin-panels-stretch panel-row-style panel-row-style-for-1133-4\" data-stretch-type=\"full\" ><div id=\"pgc-1133-4-0\"  class=\"panel-grid-cell\" ><div id=\"panel-1133-4-0-0\" class=\"so-panel widget widget_sow-image panel-first-child panel-last-child\" data-index=\"7\" ><div\n\t\t\t\n\t\t\tclass=\"so-widget-sow-image so-widget-sow-image-default-c67d20f9f743-1133\"\n\t\t\t\n\t\t>\n<div class=\"sow-image-container\">\n\t\t<img src=\"https:\/\/www.uniqconsult.de\/cms\/wp-content\/uploads\/2017\/09\/Solutions_31May17_JetReportsBanner_1800x500_-300x82.png\" width=\"300\" height=\"82\" srcset=\"https:\/\/www.uniqconsult.de\/cms\/wp-content\/uploads\/2017\/09\/Solutions_31May17_JetReportsBanner_1800x500_-300x82.png 300w, https:\/\/www.uniqconsult.de\/cms\/wp-content\/uploads\/2017\/09\/Solutions_31May17_JetReportsBanner_1800x500_-768x210.png 768w, https:\/\/www.uniqconsult.de\/cms\/wp-content\/uploads\/2017\/09\/Solutions_31May17_JetReportsBanner_1800x500_-1024x280.png 1024w, https:\/\/www.uniqconsult.de\/cms\/wp-content\/uploads\/2017\/09\/Solutions_31May17_JetReportsBanner_1800x500_.png 1535w\" sizes=\"(max-width: 300px) 100vw, 300px\" alt=\"\" loading=\"lazy\" \t\tclass=\"so-widget-image\"\/>\n\t<\/div>\n\n<\/div><\/div><\/div><div id=\"pgc-1133-4-1\"  class=\"panel-grid-cell panel-grid-cell-empty\" ><\/div><div id=\"pgc-1133-4-2\"  class=\"panel-grid-cell\" ><div id=\"panel-1133-4-2-0\" class=\"so-panel widget widget_sow-editor panel-first-child panel-last-child\" data-index=\"8\" ><div\n\t\t\t\n\t\t\tclass=\"so-widget-sow-editor so-widget-sow-editor-base\"\n\t\t\t\n\t\t>\n<div class=\"siteorigin-widget-tinymce textwidget\">\n\t<h3>Jet Reports Deutschland GmbH<\/h3>\n<p><a href=\"www.jetreports.com\/de\" target=\"_blank\" rel=\"noopener\">www.jetreports.com<\/a><\/p>\n<\/div>\n<\/div><\/div><\/div><\/div><\/div><div id=\"pg-1133-5\"  class=\"panel-grid panel-has-style\" ><div class=\"siteorigin-panels-stretch panel-row-style panel-row-style-for-1133-5\" data-stretch-type=\"full\" ><div id=\"pgc-1133-5-0\"  class=\"panel-grid-cell\" ><div id=\"panel-1133-5-0-0\" class=\"so-panel widget widget_sow-image panel-first-child panel-last-child\" data-index=\"9\" ><div\n\t\t\t\n\t\t\tclass=\"so-widget-sow-image so-widget-sow-image-default-c67d20f9f743-1133\"\n\t\t\t\n\t\t>\n<div class=\"sow-image-container\">\n\t\t<img src=\"https:\/\/www.uniqconsult.de\/cms\/wp-content\/uploads\/2017\/12\/edocLogo-300x142.gif\" width=\"300\" height=\"142\" sizes=\"(max-width: 300px) 100vw, 300px\" alt=\"\" loading=\"lazy\" \t\tclass=\"so-widget-image\"\/>\n\t<\/div>\n\n<\/div><\/div><\/div><div id=\"pgc-1133-5-1\"  class=\"panel-grid-cell panel-grid-cell-empty\" ><\/div><div id=\"pgc-1133-5-2\"  class=\"panel-grid-cell\" ><div id=\"panel-1133-5-2-0\" class=\"so-panel widget widget_sow-editor panel-first-child panel-last-child\" data-index=\"10\" ><div\n\t\t\t\n\t\t\tclass=\"so-widget-sow-editor so-widget-sow-editor-base\"\n\t\t\t\n\t\t>\n<div class=\"siteorigin-widget-tinymce textwidget\">\n\t<h3>edoc solutions ag<\/h3>\n<p><a href=\"http:\/\/www.edoc.de\" target=\"_blank\" rel=\"noopener\">www.edoc.de<\/a><\/p>\n<\/div>\n<\/div><\/div><\/div><\/div><\/div><div id=\"pg-1133-6\"  class=\"panel-grid panel-has-style\" ><div class=\"siteorigin-panels-stretch panel-row-style panel-row-style-for-1133-6\" data-stretch-type=\"full\" ><div id=\"pgc-1133-6-0\"  class=\"panel-grid-cell\" ><div id=\"panel-1133-6-0-0\" class=\"so-panel widget widget_sow-image panel-first-child panel-last-child\" data-index=\"11\" ><div\n\t\t\t\n\t\t\tclass=\"so-widget-sow-image so-widget-sow-image-default-c67d20f9f743-1133\"\n\t\t\t\n\t\t>\n<div class=\"sow-image-container\">\n\t\t<img src=\"https:\/\/www.uniqconsult.de\/cms\/wp-content\/uploads\/2017\/12\/LFConsultLogo-300x64.png\" width=\"300\" height=\"64\" srcset=\"https:\/\/www.uniqconsult.de\/cms\/wp-content\/uploads\/2017\/12\/LFConsultLogo-300x64.png 300w, https:\/\/www.uniqconsult.de\/cms\/wp-content\/uploads\/2017\/12\/LFConsultLogo.png 740w\" sizes=\"(max-width: 300px) 100vw, 300px\" alt=\"\" loading=\"lazy\" \t\tclass=\"so-widget-image\"\/>\n\t<\/div>\n\n<\/div><\/div><\/div><div id=\"pgc-1133-6-1\"  class=\"panel-grid-cell panel-grid-cell-empty\" ><\/div><div id=\"pgc-1133-6-2\"  class=\"panel-grid-cell\" ><div id=\"panel-1133-6-2-0\" class=\"so-panel widget widget_sow-editor panel-first-child panel-last-child\" data-index=\"12\" ><div\n\t\t\t\n\t\t\tclass=\"so-widget-sow-editor so-widget-sow-editor-base\"\n\t\t\t\n\t\t>\n<div class=\"siteorigin-widget-tinymce textwidget\">\n\t<h3>LF Consult GmbH<\/h3>\n<p><a href=\"http:\/\/www.lfconsult.de\" target=\"_blank\" rel=\"noopener\">www.lfconsult.de<\/a><\/p>\n<\/div>\n<\/div><\/div><\/div><\/div><\/div><div id=\"pg-1133-7\"  class=\"panel-grid panel-has-style\" ><div class=\"siteorigin-panels-stretch panel-row-style panel-row-style-for-1133-7\" data-stretch-type=\"full\" ><div id=\"pgc-1133-7-0\"  class=\"panel-grid-cell\" ><div id=\"panel-1133-7-0-0\" class=\"so-panel widget widget_sow-image panel-first-child panel-last-child\" data-index=\"13\" ><div\n\t\t\t\n\t\t\tclass=\"so-widget-sow-image so-widget-sow-image-default-c67d20f9f743-1133\"\n\t\t\t\n\t\t>\n<div class=\"sow-image-container\">\n\t\t<img src=\"https:\/\/www.uniqconsult.de\/cms\/wp-content\/uploads\/2017\/12\/akquinetLogo-300x93.png\" width=\"300\" height=\"93\" srcset=\"https:\/\/www.uniqconsult.de\/cms\/wp-content\/uploads\/2017\/12\/akquinetLogo-300x93.png 300w, https:\/\/www.uniqconsult.de\/cms\/wp-content\/uploads\/2017\/12\/akquinetLogo.png 404w\" sizes=\"(max-width: 300px) 100vw, 300px\" alt=\"\" loading=\"lazy\" \t\tclass=\"so-widget-image\"\/>\n\t<\/div>\n\n<\/div><\/div><\/div><div id=\"pgc-1133-7-1\"  class=\"panel-grid-cell panel-grid-cell-empty\" ><\/div><div id=\"pgc-1133-7-2\"  class=\"panel-grid-cell\" ><div id=\"panel-1133-7-2-0\" class=\"so-panel widget widget_sow-editor panel-first-child panel-last-child\" data-index=\"14\" ><div\n\t\t\t\n\t\t\tclass=\"so-widget-sow-editor so-widget-sow-editor-base\"\n\t\t\t\n\t\t>\n<div class=\"siteorigin-widget-tinymce textwidget\">\n\t<h3>akquinet AG<\/h3>\n<p><a href=\"http:\/\/www.akquinet.de\" target=\"_blank\" rel=\"noopener\">www.akquinet.de<\/a><\/p>\n<\/div>\n<\/div><\/div><\/div><\/div><\/div><div id=\"pg-1133-8\"  class=\"panel-grid panel-has-style\" ><div class=\"siteorigin-panels-stretch panel-row-style panel-row-style-for-1133-8\" data-stretch-type=\"full\" ><div id=\"pgc-1133-8-0\"  class=\"panel-grid-cell\" ><div id=\"panel-1133-8-0-0\" class=\"so-panel widget widget_sow-image panel-first-child panel-last-child\" data-index=\"15\" ><div\n\t\t\t\n\t\t\tclass=\"so-widget-sow-image so-widget-sow-image-default-c67d20f9f743-1133\"\n\t\t\t\n\t\t>\n<div class=\"sow-image-container\">\n\t\t<img src=\"https:\/\/www.uniqconsult.de\/cms\/wp-content\/uploads\/2017\/12\/TemprasLogo-300x99.png\" width=\"300\" height=\"99\" srcset=\"https:\/\/www.uniqconsult.de\/cms\/wp-content\/uploads\/2017\/12\/TemprasLogo-300x99.png 300w, https:\/\/www.uniqconsult.de\/cms\/wp-content\/uploads\/2017\/12\/TemprasLogo.png 389w\" sizes=\"(max-width: 300px) 100vw, 300px\" alt=\"\" loading=\"lazy\" \t\tclass=\"so-widget-image\"\/>\n\t<\/div>\n\n<\/div><\/div><\/div><div id=\"pgc-1133-8-1\"  class=\"panel-grid-cell panel-grid-cell-empty\" ><\/div><div id=\"pgc-1133-8-2\"  class=\"panel-grid-cell\" ><div id=\"panel-1133-8-2-0\" class=\"so-panel widget widget_sow-editor panel-first-child panel-last-child\" data-index=\"16\" ><div\n\t\t\t\n\t\t\tclass=\"so-widget-sow-editor so-widget-sow-editor-base\"\n\t\t\t\n\t\t>\n<div class=\"siteorigin-widget-tinymce textwidget\">\n\t<h3>Tempras GmbH &amp; Co. KG<\/h3>\n<p><a href=\"http:\/\/www.tempras.de\" target=\"_blank\" rel=\"noopener\">www.tempras.de<\/a><\/p>\n<\/div>\n<\/div><\/div><\/div><\/div><\/div><div id=\"pg-1133-9\"  class=\"panel-grid panel-has-style\" ><div class=\"siteorigin-panels-stretch panel-row-style panel-row-style-for-1133-9\" data-stretch-type=\"full\" ><div id=\"pgc-1133-9-0\"  class=\"panel-grid-cell\" ><div id=\"panel-1133-9-0-0\" class=\"so-panel widget widget_sow-image panel-first-child panel-last-child\" data-index=\"17\" ><div\n\t\t\t\n\t\t\tclass=\"so-widget-sow-image so-widget-sow-image-default-c67d20f9f743-1133\"\n\t\t\t\n\t\t>\n<div class=\"sow-image-container\">\n\t\t<img src=\"https:\/\/www.uniqconsult.de\/cms\/wp-content\/uploads\/2017\/12\/IdynLogo.png\" width=\"186\" height=\"63\" sizes=\"(max-width: 186px) 100vw, 186px\" alt=\"\" loading=\"lazy\" \t\tclass=\"so-widget-image\"\/>\n\t<\/div>\n\n<\/div><\/div><\/div><div id=\"pgc-1133-9-1\"  class=\"panel-grid-cell panel-grid-cell-empty\" ><\/div><div id=\"pgc-1133-9-2\"  class=\"panel-grid-cell\" ><div id=\"panel-1133-9-2-0\" class=\"so-panel widget widget_sow-editor panel-first-child panel-last-child\" data-index=\"18\" ><div\n\t\t\t\n\t\t\tclass=\"so-widget-sow-editor so-widget-sow-editor-base\"\n\t\t\t\n\t\t>\n<div class=\"siteorigin-widget-tinymce textwidget\">\n\t<h3>Idyn<\/h3>\n<p><a href=\"http:\/\/www.idyn.nl\" target=\"_blank\" rel=\"noopener\">www.idyn.nl<\/a><\/p>\n<\/div>\n<\/div><\/div><\/div><\/div><\/div><div id=\"pg-1133-10\"  class=\"panel-grid panel-has-style\" ><div class=\"siteorigin-panels-stretch panel-row-style panel-row-style-for-1133-10\" data-stretch-type=\"full\" ><div id=\"pgc-1133-10-0\"  class=\"panel-grid-cell\" ><div id=\"panel-1133-10-0-0\" class=\"so-panel widget widget_sow-image panel-first-child panel-last-child\" data-index=\"19\" ><div\n\t\t\t\n\t\t\tclass=\"so-widget-sow-image so-widget-sow-image-default-c67d20f9f743-1133\"\n\t\t\t\n\t\t>\n<div class=\"sow-image-container\">\n\t\t<img src=\"https:\/\/www.uniqconsult.de\/cms\/wp-content\/uploads\/2017\/12\/comsolLogo.png\" width=\"210\" height=\"66\" sizes=\"(max-width: 210px) 100vw, 210px\" alt=\"\" loading=\"lazy\" \t\tclass=\"so-widget-image\"\/>\n\t<\/div>\n\n<\/div><\/div><\/div><div id=\"pgc-1133-10-1\"  class=\"panel-grid-cell panel-grid-cell-empty\" ><\/div><div id=\"pgc-1133-10-2\"  class=\"panel-grid-cell\" ><div id=\"panel-1133-10-2-0\" class=\"so-panel widget widget_sow-editor panel-first-child panel-last-child\" data-index=\"20\" ><div\n\t\t\t\n\t\t\tclass=\"so-widget-sow-editor so-widget-sow-editor-base\"\n\t\t\t\n\t\t>\n<div class=\"siteorigin-widget-tinymce textwidget\">\n\t<h3>Comsol Unternehmensl\u00f6sungen AG<\/h3>\n<p><a href=\"http:\/\/www.comsol.ag\" target=\"_blank\" rel=\"noopener\">www.comsol.ag<\/a><\/p>\n<\/div>\n<\/div><\/div><\/div><\/div><\/div><div id=\"pg-1133-11\"  class=\"panel-grid panel-has-style\" ><div class=\"siteorigin-panels-stretch panel-row-style panel-row-style-for-1133-11\" data-stretch-type=\"full\" ><div id=\"pgc-1133-11-0\"  class=\"panel-grid-cell\" ><div id=\"panel-1133-11-0-0\" class=\"so-panel widget widget_sow-image panel-first-child panel-last-child\" data-index=\"21\" ><div\n\t\t\t\n\t\t\tclass=\"so-widget-sow-image so-widget-sow-image-default-c67d20f9f743-1133\"\n\t\t\t\n\t\t>\n<div class=\"sow-image-container\">\n\t\t<img src=\"https:\/\/www.uniqconsult.de\/cms\/wp-content\/uploads\/2017\/12\/KUMAvisionLogo.png\" width=\"252\" height=\"50\" sizes=\"(max-width: 252px) 100vw, 252px\" alt=\"\" loading=\"lazy\" \t\tclass=\"so-widget-image\"\/>\n\t<\/div>\n\n<\/div><\/div><\/div><div id=\"pgc-1133-11-1\"  class=\"panel-grid-cell panel-grid-cell-empty\" ><\/div><div id=\"pgc-1133-11-2\"  class=\"panel-grid-cell\" ><div id=\"panel-1133-11-2-0\" class=\"so-panel widget widget_sow-editor panel-first-child panel-last-child\" data-index=\"22\" ><div\n\t\t\t\n\t\t\tclass=\"so-widget-sow-editor so-widget-sow-editor-base\"\n\t\t\t\n\t\t>\n<div class=\"siteorigin-widget-tinymce textwidget\">\n\t<h3>KUMAVISION AG<\/h3>\n<p><a href=\"http:\/\/www.kumavision.com\" target=\"_blank\" rel=\"noopener\">www.kumavision.com<\/a><\/p>\n<\/div>\n<\/div><\/div><\/div><\/div><\/div><div id=\"pg-1133-12\"  class=\"panel-grid panel-has-style\" ><div class=\"siteorigin-panels-stretch panel-row-style panel-row-style-for-1133-12\" data-stretch-type=\"full\" ><div id=\"pgc-1133-12-0\"  class=\"panel-grid-cell\" ><div id=\"panel-1133-12-0-0\" class=\"so-panel widget widget_sow-image panel-first-child panel-last-child\" data-index=\"23\" ><div\n\t\t\t\n\t\t\tclass=\"so-widget-sow-image so-widget-sow-image-default-c67d20f9f743-1133\"\n\t\t\t\n\t\t>\n<div class=\"sow-image-container\">\n\t\t<img src=\"https:\/\/www.uniqconsult.de\/cms\/wp-content\/uploads\/2017\/11\/ScribeLogo.png\" width=\"200\" height=\"72\" sizes=\"(max-width: 200px) 100vw, 200px\" alt=\"\" loading=\"lazy\" \t\tclass=\"so-widget-image\"\/>\n\t<\/div>\n\n<\/div><\/div><\/div><div id=\"pgc-1133-12-1\"  class=\"panel-grid-cell panel-grid-cell-empty\" ><\/div><div id=\"pgc-1133-12-2\"  class=\"panel-grid-cell\" ><div id=\"panel-1133-12-2-0\" class=\"so-panel widget widget_sow-editor panel-first-child panel-last-child\" data-index=\"24\" ><div\n\t\t\t\n\t\t\tclass=\"so-widget-sow-editor so-widget-sow-editor-base\"\n\t\t\t\n\t\t>\n<div class=\"siteorigin-widget-tinymce textwidget\">\n\t<h3>Scribe Software Corporation<\/h3>\n<p><a href=\"http:\/\/www.scribesoft.com\" target=\"_blank\" rel=\"noopener\">www.scribesoft.com<\/a><\/p>\n<\/div>\n<\/div><\/div><\/div><\/div><\/div><\/div>","protected":false},"excerpt":{"rendered":"<p>Um unseren Kunden eine optimale Qualit\u00e4t bieten zu k\u00f6nnen, arbeiten wir mit ausgew\u00e4hlten L\u00f6sungs- und Technologiepartnern zusammen. Microsoft Corporation www.microsoft.com<\/p>\n","protected":false},"author":1,"featured_media":0,"parent":0,"menu_order":0,"comment_status":"closed","ping_status":"closed","template":"template-full-width.php","meta":[],"_links":{"self":[{"href":"https:\/\/www.uniqconsult.de\/cms\/wp-json\/wp\/v2\/pages\/1133"}],"collection":[{"href":"https:\/\/www.uniqconsult.de\/cms\/wp-json\/wp\/v2\/pages"}],"about":[{"href":"https:\/\/www.uniqconsult.de\/cms\/wp-json\/wp\/v2\/types\/page"}],"author":[{"embeddable":true,"href":"https:\/\/www.uniqconsult.de\/cms\/wp-json\/wp\/v2\/users\/1"}],"replies":[{"embeddable":true,"href":"https:\/\/www.uniqconsult.de\/cms\/wp-json\/wp\/v2\/comments?post=1133"}],"version-history":[{"count":27,"href":"https:\/\/www.uniqconsult.de\/cms\/wp-json\/wp\/v2\/pages\/1133\/revisions"}],"predecessor-version":[{"id":1535,"href":"https:\/\/www.uniqconsult.de\/cms\/wp-json\/wp\/v2\/pages\/1133\/revisions\/1535"}],"wp:attachment":[{"href":"https:\/\/www.uniqconsult.de\/cms\/wp-json\/wp\/v2\/media?parent=1133"}],"curies":[{"name":"wp","href":"https:\/\/api.w.org\/{rel}","templated":true}]}}